?
1
Suppose -39 + 444 = -5*b. Let z = -58 - b. Calculate the remainder when z is divided by 12.
11
Suppose -4*a = 2*s - 40, -57 + 1 = -3*s - 5*a. Calculate the remainder when ((-22)/(-4))/((-5)/(-30)) is divided by s.
9
Let x = -1 + 9. Suppose 8 = 2*u + 4*z, -2 = -5*z + 3. Let q = x + u. Calculate the remainder when 19 is divided by q.
9
Suppose 2*p - 316 = -4*d, 0*d - 395 = -5*d + 4*p. What is the remainder when d is divided by 16?
15
Let x = -157 - -319. Calculate the remainder when x is divided by 33.
30
Let h = 2 - -45. Let d = -28 - -52. Calculate the remainder when h is divided by d.
23
Suppose -w = 2*k - k, 0 = 2*w - 4*k. Suppose r + r - 24 = w. Let u(p) = -p**3 + 7*p**2 - p + 5. What is the remainder when u(6) is divided by r?
11
What is the remainder when -2 + (1 - -55) + 4 is divided by 20?
18
Suppose o + 2*o - 18 = 0. Let q = 12 - -11. Calculate the remainder when q is divided by (0 + -1)/(o/(-72)).
11
Let z = 47 - 40. Calculate the remainder when 12 is divided by z.
5
Let u(f) = 4*f**2 - 2*f - 1. What is the remainder when u(-2) is divided by 168/16 + (-2)/4?
9
Let h be (1 - (-21)/9)*3. Let k = 11 - h. Calculate the remainder when -2*k*203/(-14) is divided by 10.
9
Let j(w) = -w**2 - 14*w - 3. Let l be j(-13). Calculate the remainder when 25 is divided by (-6)/l - 38/(-5).
4
Suppose k - 33 + 8 = 0. What is the remainder when 147 is divided by k?
22
Let g = 155 - 87. What is the remainder when g is divided by 10?
8
Let c = 70 + -50. What is the remainder when 38 is divided by c?
18
Suppose -3*o + 2*k - 3*k = 169, -2*o - 117 = 5*k. What is the remainder when (o + (1 - 3))/(-2) is divided by 10?
9
Let z(s) = s**2 - 2*s - 1. Let l = 0 - 0. Suppose 2*w + 0 + 12 = l. Calculate the remainder when z(w) is divided by 16.
15
Suppose 0 = 5*h - 0*h - 170. Suppose 0 = g - 4*o - 20, 4*g - 2*o - h = 2*g. Calculate the remainder when g is divided by -2 + 0 + 0 + 11.
7
Let x be 0 + 2 + 4 + 0. What is the remainder when (3/x)/(2/56) is divided by (-32)/(-6)*9/6?
6
Suppose -9*s + 2952 = 3*s. What is the remainder when s is divided by 62?
60
Let p(t) = -3*t - 2. Let r be p(3). Let k = 0 - r. Suppose -f = -38 + 6. What is the remainder when f is divided by k?
10
Suppose -4*l = -m - 33, 5*l + 2*m + 0*m - 51 = 0. What is the remainder when 16 is divided by l?
7
Let b = 119 + -68. Let j = 22 + -4. Calculate the remainder when b is divided by j.
15
Let r = 14 - 20. Let n = r + 29. Let f(s) = 4*s. What is the remainder when n is divided by f(2)?
7
Let f = -48 - -94. Let a = 73 + -49. What is the remainder when f is divided by a?
22
Let t be 2/(-2)*-11 - 0. Let v = t + -7. What is the remainder when v is divided by 0 - -1*(-1 - -4)?
1
Suppose 8 + 7 = 5*o. Suppose 2*n = -2*y + 14, -3*n = 5*y - o*y - 12. What is the remainder when 17 is divided by y?
8
Suppose -4*y + 60 = f, 7 = 2*y + 4*f - 23. Suppose -y = -4*c - c. What is the remainder when c is divided by 3?
0
Suppose -2 = -4*p + 6. Suppose 0 = 5*x - 15, x = 5*t - p - 5. Suppose -6 = -t*w + 12. What is the remainder when 25 is divided by w?
7
Let u(r) = -r**3 + 8*r**2 - r + 6. Let p be u(8). What is the remainder when p - ((-48)/2 + 1) is divided by 11?
10
Let w be (-2)/(-15)*3*5. Suppose -w*p - 15 = -5*p. Calculate the remainder when 17 is divided by p.
2
Let i(n) = n**3 - n + 2. Let o be i(0). Suppose -15 = r - o*r. What is the remainder when 30 is divided by ((-48)/r)/(2/(-10))?
14
Suppose 0 = 2*f - 2 - 70. Let g(k) = k**3 - 13*k**2 + 12*k + 13. What is the remainder when f is divided by g(12)?
10
Calculate the remainder when 243/18 - 1/(-2) is divided by 7.
0
Calculate the remainder when 47 is divided by (4/6)/((-5)/(-90)).
11
What is the remainder when 20 is divided by (-1 - -1*9) + -1?
6
Suppose 0 = -2*w + 5*w + 6. What is the remainder when ((-4)/(-5))/(w/(-80)) is divided by 11?
10
Let g(z) = z**3 + 10*z**2 - 12*z - 5. Let r be g(-11). Suppose h + 60 = r*h. Calculate the remainder when 23 is divided by h.
11
Suppose -5*l = 4*b - 53 - 74, 0 = 4*b + 8. Let u be -2 - -3 - (1 - l). Let j = u - 6. What is the remainder when 41 is divided by j?
20
Suppose 5*w + 15 = -4*o, -w = 3*o - 0*w + 3. Suppose -2*s + o*s + 28 = 0. Suppose s = -4*v + 78. Calculate the remainder when v is divided by 6.
4
Let y(r) = -20*r**3. Let g be y(-1). Suppose 5*a - g = 3*a. What is the remainder when 39 is divided by a?
9
Let h(u) = 9*u**2 - 2*u + 1. Let o(v) = 9*v**2 - 2*v + 1. Let g(s) = -6*h(s) + 7*o(s). What is the remainder when 14 is divided by g(1)?
6
Suppose -4*k + k = -5*h + 54, 0 = 4*h + 4*k - 56. What is the remainder when 55 is divided by h?
7
Suppose -7*k = -2*k - 25. Let h = 34 - 32. Calculate the remainder when k is divided by h.
1
Let m(v) = -v + 0 - 4 - 3*v**3 + 2*v**3 - 2*v**2 + 0*v**2. What is the remainder when m(-3) is divided by 3?
2
Let c = 2 - 0. Let j = c - 1. Calculate the remainder when ((-5)/(-1 - -2) - -2) + 5 is divided by j.
0
Let j(t) = -t**2 - 4 - 9 + 2 + 11*t. Let h be (1 + -3)*-1 - -7. Calculate the remainder when j(h) is divided by 3.
1
Let t(r) = -r + 3. Let f be t(3). Let v = f + 2. Suppose -5*a - v = -22. What is the remainder when 6 is divided by a?
2
Let h = -7 - -19. Let y = 14 - -32. What is the remainder when y is divided by h?
10
Let f = -2 - -4. Let i = -55 - -85. Let b = i - f. Calculate the remainder when b is divided by 10.
8
Let y = 12 + -3. What is the remainder when 98 is divided by y?
8
Let c(l) = 1 - 3*l**2 + l - 2*l**3 + 0*l**3 + l**3 + 4. What is the remainder when c(-4) is divided by 5?
2
What is the remainder when 240 is divided by -25*3/(-3)*1 - 3?
20
Suppose 0 = -18*g + 12*g + 60. Calculate the remainder when 27 is divided by g.
7
Suppose -4*l + 68 - 4 = 0. Suppose -3*s + 3*f + 9 = 0, 4*s - 5*f - 4 - 5 = 0. Calculate the remainder when 1/((-2)/s) + 49 is divided by l.
14
Let u = 143 - 34. Calculate the remainder when u is divided by 28.
25
Let n be (0/(-1))/3 + 31. Let d = n - 20. What is the remainder when d is divided by 4?
3
Suppose -5*i + 3*i = -8. Suppose i*y = -3*c + 25, -2*y + 5*y - 5 = -c. Calculate the remainder when 20 is divided by c.
9
Let k = 0 + 1. What is the remainder when 1*27 - (-15 - -14) is divided by 10 + -1 + (2 - k)?
8
Suppose 99 = 5*w - 126. Let i = -15 + w. Calculate the remainder when i is divided by 2*9 + (-1 - 1).
14
Suppose -31 = 2*h + 19. Let p = 16 + h. What is the remainder when 2/p + (-290)/(-9) is divided by 17?
15
Calculate the remainder when 2408/48 - (-1)/(-6) is divided by 17.
16
Let h = 16 + -13. Calculate the remainder when h is divided by 1.
0
Let b(v) = v**2 - 5*v - 10. Let q(a) = a + 2. What is the remainder when q(3) is divided by b(7)?
1
Let p = -2 + 34. Calculate the remainder when 119 is divided by p.
23
Suppose 5*y = 5*l, 2*y - 4*y = -3*l. Suppose l*f + 12 = 2*f. Suppose -16 = -j + 4*q, 5*q - 22 = -j - 6. Calculate the remainder when j is divided by f.
4
Let b = 186 - 75. Calculate the remainder when b is divided by 14.
13
Let d(r) = 2*r**2 - 15*r - 3. Suppose -q + l = -3*l - 24, -4*q + 122 = -3*l. Suppose -4*t + q = -0*t. Calculate the remainder when t is divided by d(8).
3
Suppose 0 = -3*b - 6, -2*z = z - b - 89. What is the remainder when 85 is divided by z?
27
Let s = -5 + 18. What is the remainder when 36 is divided by s?
10
Suppose 0 = -2*p + 3*b + 76, -3*p + 4*b = -4*p + 16. What is the remainder when p is divided by 10?
2
Let y = -196 - -135. Let u = -24 - y. What is the remainder when u is divided by 13?
11
Suppose 4*n + 119 = 3*t, 3*n + 262 = 4*t + 101. Calculate the remainder when 77 is divided by t.
36
Let f(r) = r**2 - 2*r. Let o be f(2). Suppose 0 = 4*b + 3*c - 12, -5*b = -o*b - 5*c - 15. What is the remainder when b is divided by 3?
0
Let d be ((-4)/(-8) + -1)*24. Let q = d - -17. What is the remainder when q is divided by 2?
1
Suppose -16*d + 13*d = -3. What is the remainder when 1 is divided by d?
0
Let h(b) = -b**3 - 3*b**2 - 4. Let w be h(-3). What is the remainder when 9 is divided by (w/10)/(1/(-10))?
1
Suppose 5*j - 6 - 8 = t, j + 2*t = -6. What is the remainder when -3 + -50*j/(-2) is divided by 12?
11
Suppose 11*u - 108 = 7*u. Calculate the remainder when u is divided by 10.
7
Let l be (3 - 0)*(-3)/(-9). What is the remainder when 7 is divided by l*12/((-6)/(-2))?
3
Suppose -2*x - 3*d + 37 = -